{"id":211,"date":"2026-02-24T20:33:31","date_gmt":"2026-02-24T19:33:31","guid":{"rendered":"https:\/\/claudia.indielab.de\/?page_id=211"},"modified":"2026-02-24T21:13:31","modified_gmt":"2026-02-24T20:13:31","slug":"ueber-mich","status":"publish","type":"page","link":"https:\/\/claudia.indielab.de\/index.php\/ueber-mich\/","title":{"rendered":"\u00dcber mich"},"content":{"rendered":"\t\t<div data-elementor-type=\"wp-page\" data-elementor-id=\"211\" class=\"elementor elementor-211\" data-elementor-post-type=\"page\">\n\t\t\t\t<header class=\"elementor-element elementor-element-32522a06 e-con-full e-grid e-con e-parent\" data-id=\"32522a06\" data-element_type=\"container\" data-e-type=\"container\" data-settings=\"{&quot;background_background&quot;:&quot;classic&quot;}\">\n\t\t<div class=\"elementor-element elementor-element-34e8b60 e-flex e-con-boxed e-con e-child\" data-id=\"34e8b60\" data-element_type=\"container\" data-e-type=\"container\">\n\t\t\t\t\t<div class=\"e-con-inner\">\n\t\t\t\t<div class=\"elementor-element elementor-element-c7dbf02 elementor-widget elementor-widget-heading\" data-id=\"c7dbf02\" data-element_type=\"widget\" data-e-type=\"widget\" data-widget_type=\"heading.default\">\n\t\t\t\t\t<h1 class=\"elementor-heading-title elementor-size-default\">Claudia Clos, Dipl. Psych.<\/h1>\t\t\t\t<\/div>\n\t\t\t\t\t<\/div>\n\t\t\t\t<\/div>\n\t\t\t\t<div class=\"elementor-element elementor-element-c1f188d elementor-widget elementor-widget-text-editor\" data-id=\"c1f188d\" data-element_type=\"widget\" data-e-type=\"widget\" data-widget_type=\"text-editor.default\">\n\t\t\t\t\t\t\t\t\t<p><img fetchpriority=\"high\" decoding=\"async\" class=\"wp-image-118 alignleft\" src=\"https:\/\/claudia.indielab.de\/wp-content\/uploads\/2026\/01\/Claudia.png\" alt=\"\" width=\"241\" height=\"341\" srcset=\"https:\/\/claudia.indielab.de\/wp-content\/uploads\/2026\/01\/Claudia.png 595w, https:\/\/claudia.indielab.de\/wp-content\/uploads\/2026\/01\/Claudia-212x300.png 212w\" sizes=\"(max-width: 241px) 100vw, 241px\" \/><\/p><p>Ich bin F\u00fchrungskraft bei einer gesetzlichen Unfallversicherung und verf\u00fcge \u00fcber langj\u00e4hrige Erfahrung in der Beratung und Begleitung von Betrieben zur Gef\u00e4hrdungsbeurteilung psychischer Belastung. In meiner Arbeit unterst\u00fctze ich Unternehmen dabei, psychische Belastung <strong>systematisch zu erfassen, zu bewerten und wirksame Ma\u00dfnahmen abzuleiten<\/strong> zur Verbesserung der Arbeitsbedingungen.<\/p><p>Ein besonderer Schwerpunkt meiner T\u00e4tigkeit liegt in der <strong>praxisnahen Umsetzung<\/strong> der Gef\u00e4hrdungsbeurteilung psychischer Belastung \u2013 immer mit dem Ziel, sowohl die <strong>gesetzlichen Anforderungen<\/strong> zu erf\u00fcllen als auch einen <strong>echten Mehrwert f\u00fcr Unternehmen und Besch\u00e4ftigte<\/strong> zu schaffen. Dabei verbinde ich <strong>fachliche Expertise<\/strong> mit einer <strong>strukturierten und wertsch\u00e4tzenden Arbeitsweise<\/strong>.<br \/>Ich habe zudem seitens der Unfallversicherung ein Kooperationsprojekt mit der RWTH Aachen geleitet, in dessen Rahmen ein Online-Fragebogen zur Gef\u00e4hrdungsbeurteilung psychischer Belastungen entwickelt wurde.<br \/>Meine Arbeit ist gepr\u00e4gt von dem Anspruch, komplexe Themen verst\u00e4ndlich zu machen und Unternehmen auf ihrem Weg zu nachhaltig gesunden Arbeitsbedingungen zu begleiten.<\/p>\t\t\t\t\t\t\t\t<\/div>\n\t\t\t\t<\/header>\n\t\t\t\t<\/div>\n\t\t","protected":false},"excerpt":{"rendered":"<p>Claudia Clos, Dipl. Psych. Ich bin F\u00fchrungskraft bei einer gesetzlichen Unfallversicherung und verf\u00fcge \u00fcber langj\u00e4hrige Erfahrung in der Beratung und Begleitung von Betrieben zur Gef\u00e4hrdungsbeurteilung psychischer Belastung. In meiner Arbeit unterst\u00fctze ich Unternehmen dabei, psychische Belastung systematisch zu erfassen, zu bewerten und wirksame Ma\u00dfnahmen abzuleiten zur Verbesserung der Arbeitsbedingungen. Ein besonderer Schwerpunkt meiner T\u00e4tigkeit liegt [&hellip;]<\/p>\n","protected":false},"author":1,"featured_media":0,"parent":0,"menu_order":4,"comment_status":"closed","ping_status":"closed","template":"","meta":{"footnotes":""},"class_list":["post-211","page","type-page","status-publish","hentry"],"_links":{"self":[{"href":"https:\/\/claudia.indielab.de\/index.php\/wp-json\/wp\/v2\/pages\/211","targetHints":{"allow":["GET"]}}],"collection":[{"href":"https:\/\/claudia.indielab.de\/index.php\/wp-json\/wp\/v2\/pages"}],"about":[{"href":"https:\/\/claudia.indielab.de\/index.php\/wp-json\/wp\/v2\/types\/page"}],"author":[{"embeddable":true,"href":"https:\/\/claudia.indielab.de\/index.php\/wp-json\/wp\/v2\/users\/1"}],"replies":[{"embeddable":true,"href":"https:\/\/claudia.indielab.de\/index.php\/wp-json\/wp\/v2\/comments?post=211"}],"version-history":[{"count":10,"href":"https:\/\/claudia.indielab.de\/index.php\/wp-json\/wp\/v2\/pages\/211\/revisions"}],"predecessor-version":[{"id":223,"href":"https:\/\/claudia.indielab.de\/index.php\/wp-json\/wp\/v2\/pages\/211\/revisions\/223"}],"wp:attachment":[{"href":"https:\/\/claudia.indielab.de\/index.php\/wp-json\/wp\/v2\/media?parent=211"}],"curies":[{"name":"wp","href":"https:\/\/api.w.org\/{rel}","templated":true}]}}